{"id":516,"date":"2009-10-30T13:17:38","date_gmt":"2009-10-30T16:17:38","guid":{"rendered":"http:\/\/www.knbs.net.br\/?page_id=516"},"modified":"2009-10-30T13:17:38","modified_gmt":"2009-10-30T16:17:38","slug":"casos-de-sucesso","status":"publish","type":"page","link":"https:\/\/knbs.net.br\/site\/a-knbs\/casos-de-sucesso\/","title":{"rendered":"Casos de Sucesso"},"content":{"rendered":"<p style=\"text-align: center;\"><img loading=\"lazy\" decoding=\"async\" class=\"aligncenter wp-image-2748 \" src=\"http:\/\/www.knbs.net.br\/site\/wp-content\/uploads\/2009\/10\/sucesso.jpg\" alt=\"sucesso\" width=\"567\" height=\"441\" \/><\/p>\n<p>Nossos casos de sucesso s\u00e3o exemplos de como agimos e interagimos com nossos clientes, buscando solu\u00e7\u00f5es inovadoras para seus problemas de neg\u00f3cios e viabilizando resultados positivos. <img loading=\"lazy\" decoding=\"async\" class=\"size-full wp-image-518 alignleft\" title=\"ecoelce\" src=\"http:\/\/www.knbs.net.br\/site\/wp-content\/uploads\/2009\/10\/ecoelce.png\" alt=\"ecoelce\" width=\"277\" height=\"84\" \/><\/p>\n<p>O ECOELCE \u2013 programa de troca de res\u00edduos recicl\u00e1veis por descontos na conta de energia da Coelce \u2013 foi um dos projetos iniciados pela Coelce com apoio da KNBS no \u00e2mbito de P&amp;D da ANEEL e depois se tornou um produto aplicado por diversas concession\u00e1rias do pa\u00eds.<\/p>\n<p>Conhe\u00e7a a solu\u00e7\u00e3o e alguns dos resultados. Como resultado desse projeto de P&amp;D a <strong>KNBS<\/strong> oferta ao mercado sua solu\u00e7\u00e3o <a onclick=\"javascript:pageTracker._trackPageview('\/outgoing\/www.knbs.net.br\/o-que-fazemos\/ecoaequo\/');\"  href=\"http:\/\/www.knbs.net.br\/o-que-fazemos\/ecoaequo\/\" target=\"_blank\" rel=\"noopener\">EcoAequo<\/a>.<\/p>\n<h3><span style=\"color: #ff6600;\">Outros casos de sucesso com disponibilidade de solu\u00e7\u00f5es:<\/span><\/h3>\n<p>&nbsp;<\/p>\n<ul>\n<li><a onclick=\"javascript:pageTracker._trackPageview('\/outgoing\/www.knbs.net.br\/key-video-spot\/');\" title=\"Key Video Spot (KVS)\"  href=\"http:\/\/www.knbs.net.br\/key-video-spot\/\" target=\"_blank\" rel=\"noopener\">Solu\u00e7\u00e3o completa para Video Contact\u00a0Center<\/a>\u00a0: uma solu\u00e7\u00e3o que garante o relacionamento, a condu\u00e7\u00e3o do atendimento e a\u00a0infraestrutura operacional<\/li>\n<li><a onclick=\"javascript:pageTracker._trackPageview('\/outgoing\/www.knbs.net.br\/o-que-fazemos\/smartkustomer\/');\" title=\"Smart Kustomer \u2013 Conceitos\"  href=\"http:\/\/www.knbs.net.br\/o-que-fazemos\/smartkustomer\/\" target=\"_blank\" rel=\"noopener\">Solu\u00e7\u00e3o para testes de conceito e implanta\u00e7\u00e3o de redes inteligentes (smart grid)<\/a>: a solu\u00e7\u00e3o para a medi\u00e7\u00e3o de avalia\u00e7\u00e3o regional\/de consumo e demanda, e organiza\u00e7\u00e3o da gest\u00e3o da energia.\u00a0Envolve todo o processamento IoT (internet das Coisas) de caracteriza\u00e7\u00e3o da energia no consumidor final, com medi\u00e7\u00f5es especiais dentro do ambiente de consumo<\/li>\n<li><a onclick=\"javascript:pageTracker._trackPageview('\/outgoing\/www.knbs.net.br\/o-que-fazemos\/suite-de-arborizacao\/');\"  href=\"http:\/\/www.knbs.net.br\/o-que-fazemos\/suite-de-arborizacao\/\" target=\"_blank\" rel=\"noopener\">Cadastro e acompanhamento da arboriza\u00e7\u00e3o e paisagismo urbano<\/a>: uma solu\u00e7\u00e3o robusta para o entendimento do paisagismo urbano no \u00e2mbito das concession\u00e1rias e das prefeituras<\/li>\n<li><a onclick=\"javascript:pageTracker._trackPageview('\/outgoing\/www.knbs.net.br\/o-que-fazemos\/prospektor\/');\"  href=\"http:\/\/www.knbs.net.br\/o-que-fazemos\/prospektor\/\" target=\"_blank\" rel=\"noopener\">Solu\u00e7\u00e3o de pesquisa, gest\u00e3o de equipes em campo e acompanhamento de a\u00e7\u00f5es de efici\u00eancia energ\u00e9tica<\/a>: uma solu\u00e7\u00e3o geral para planejamento de a\u00e7\u00f5es em campo<\/li>\n<li><a onclick=\"javascript:pageTracker._trackPageview('\/outgoing\/www.knbs.net.br\/o-que-fazemos\/siscad\/');\"  href=\"http:\/\/www.knbs.net.br\/o-que-fazemos\/siscad\/\" target=\"_blank\" rel=\"noopener\">Organiza\u00e7\u00e3o Cadastral<\/a>: a base do reconhecimento da qualidade da informa\u00e7\u00e3o para os tratamentos de big data empresariais<\/li>\n<li><a onclick=\"javascript:pageTracker._trackPageview('\/outgoing\/www.knbs.net.br\/o-que-fazemos\/suite-komex\/');\"  href=\"http:\/\/www.knbs.net.br\/o-que-fazemos\/suite-komex\/\" target=\"_blank\" rel=\"noopener\">Otimiza\u00e7\u00e3o dos processos de exporta\u00e7\u00e3o<\/a>:\u00a0 procedimentos baseados em produtividade para garantir melhor desempenho das empresas que realizam processos de exporta\u00e7\u00e3o<\/li>\n<li><a onclick=\"javascript:pageTracker._trackPageview('\/outgoing\/www.knbs.net.br\/o-que-fazemos\/knowledge-relationship\/');\"  href=\"http:\/\/www.knbs.net.br\/o-que-fazemos\/knowledge-relationship\/\" target=\"_blank\" rel=\"noopener\"><strong>Solu\u00e7\u00e3o de Data Science aplicada<\/strong>:<\/a> caracteriza\u00e7\u00e3o de necessidades operacionais no controle de fraudes, amplia\u00e7\u00e3o do relacionamento com o cliente, gest\u00e3o de opera\u00e7\u00f5es em campo em tempo real, controle comercial de conflitos e processos judiciais<\/li>\n<\/ul>\n<p>Um outro caso importante de sucesso de atua\u00e7\u00e3o consultiva da KNBS corresponde\u00a0ao servi\u00e7o de assessoria na\u00a0implanta\u00e7\u00e3o do STFC (Servi\u00e7o de Telefonia Fixa Comutada) para a empresa multinacional <strong>British Telecom<\/strong>\u00a0no Brasil, contribuindo para\u00a0a viabiliza\u00e7\u00e3o de um modelo de neg\u00f3cios adequado \u00e0 conquista de resultados positivos at\u00e9 o planejamento\u00a0 e acompanhamento da implanta\u00e7\u00e3o.<\/p>\n<p>Sua empresa tamb\u00e9m pode se tornar um caso de sucesso. <a onclick=\"javascript:pageTracker._trackPageview('\/outgoing\/www.knbs.net.br\/fale-conosco');\"  href=\"http:\/\/www.knbs.net.br\/fale-conosco\">Conte com a KNBS para isso<\/a>.<\/p>\n","protected":false},"excerpt":{"rendered":"<p>Nossos casos de sucesso s\u00e3o exemplos de como agimos e interagimos com nossos clientes, buscando solu\u00e7\u00f5es inovadoras para seus problemas de neg\u00f3cios e viabilizando resultados positivos. O ECOELCE \u2013 programa de troca de res\u00edduos recicl\u00e1veis por descontos na conta de energia da Coelce \u2013 foi um dos projetos iniciados pela Coelce com apoio da KNBS [&hellip;]<\/p>\n","protected":false},"author":1,"featured_media":0,"parent":201,"menu_order":2,"comment_status":"closed","ping_status":"closed","template":"","meta":{"footnotes":""},"class_list":["post-516","page","type-page","status-publish","hentry"],"_links":{"self":[{"href":"https:\/\/knbs.net.br\/site\/wp-json\/wp\/v2\/pages\/516","targetHints":{"allow":["GET"]}}],"collection":[{"href":"https:\/\/knbs.net.br\/site\/wp-json\/wp\/v2\/pages"}],"about":[{"href":"https:\/\/knbs.net.br\/site\/wp-json\/wp\/v2\/types\/page"}],"author":[{"embeddable":true,"href":"https:\/\/knbs.net.br\/site\/wp-json\/wp\/v2\/users\/1"}],"replies":[{"embeddable":true,"href":"https:\/\/knbs.net.br\/site\/wp-json\/wp\/v2\/comments?post=516"}],"version-history":[{"count":0,"href":"https:\/\/knbs.net.br\/site\/wp-json\/wp\/v2\/pages\/516\/revisions"}],"up":[{"embeddable":true,"href":"https:\/\/knbs.net.br\/site\/wp-json\/wp\/v2\/pages\/201"}],"wp:attachment":[{"href":"https:\/\/knbs.net.br\/site\/wp-json\/wp\/v2\/media?parent=516"}],"curies":[{"name":"wp","href":"https:\/\/api.w.org\/{rel}","templated":true}]}}