{"id":456,"date":"2009-10-30T10:37:09","date_gmt":"2009-10-30T13:37:09","guid":{"rendered":"http:\/\/www.knbs.net.br\/?page_id=456"},"modified":"2009-10-30T10:37:09","modified_gmt":"2009-10-30T13:37:09","slug":"pd-pesquisa-e-desenvolvimento","status":"publish","type":"page","link":"https:\/\/knbs.net.br\/site\/pd-pesquisa-e-desenvolvimento\/","title":{"rendered":"P&#038;D &#8211; Pesquisa e Desenvolvimento"},"content":{"rendered":"<p><img loading=\"lazy\" decoding=\"async\" class=\"aligncenter wp-image-2944 \" title=\"5000634_low\" src=\"http:\/\/www.knbs.net.br\/site\/wp-content\/uploads\/2009\/10\/solution.jpg\" width=\"616\" height=\"413\" \/><\/p>\n<h2><\/h2>\n<p>Dentro do modelo de pesquisas t\u00e9cnicas como solu\u00e7\u00f5es, foram feitas discuss\u00f5es de temas relevantes \u00e0\u00a0uma modifica\u00e7\u00e3o cultural e\u00a0novas diretrizes operacionais. \u00a0O setor de energia foi o maior demandante neste espa\u00e7o.<\/p>\n<p>Resultaram projetos e solu\u00e7\u00f5es reconhecidas\u00a0como inovadoras de conceito e organizadoras dos processos operacionais\u00a0com vis\u00e3o de futuro. \u00a0Do ponto de vista sist\u00eamico, solu\u00e7\u00f5es e discuss\u00f5es que permitiram um novo degrau para os conceitos de relacionamento, de smart grid, de IoT e de controles automatizados com grandes volumes de informa\u00e7\u00e3o sendo tratadas.<\/p>\n<h2><span style=\"color: #993300;\">2017<\/span><\/h2>\n<ul>\n<li>Modelagem estrat\u00e9gica para a caracteriza\u00e7\u00e3o das condi\u00e7\u00f5es de antecipa\u00e7\u00e3o do atendimento ao cliente para a melhoria operacional e de servi\u00e7os<\/li>\n<\/ul>\n<p style=\"padding-left: 60px;\">Publicado na Revista de P&amp;D ANEEL\u00a0 7\u00aa Edi\u00e7\u00e3o &#8211; 2017 &#8211; ISSN 1981-9803 &#8211; pag 54-57<\/p>\n<h2><span style=\"color: #993300;\">2016<\/span><\/h2>\n<ul>\n<li><a onclick=\"javascript:pageTracker._trackPageview('\/outgoing\/www.sciencedirect.com\/science\/article\/pii\/S0148296316302077');\" class=\"gsc_title_link\"  href=\"http:\/\/www.sciencedirect.com\/science\/article\/pii\/S0148296316302077\" target=\"_blank\" rel=\"noopener\" data-clk=\"hl=pt-BR&amp;sa=T&amp;ei=83TEV53LKNOmjAGrtojADA\">Strategic modeling to improve services and operation to energy industries&#8217; customers<\/a><\/li>\n<\/ul>\n<p style=\"padding-left: 60px;\">Publicado no Journal of Business Research<\/p>\n<ul>\n<li><a onclick=\"javascript:pageTracker._trackPageview('\/outgoing\/www.intechopen.com\/books\/smart-metering-technology-and-services-inspirations-for-energy-utilities\/smart-grid-implementation-in-brazil-must-focus-on-consumer-behavior-and-markets-regulation-and-energ');\"  href=\"http:\/\/www.intechopen.com\/books\/smart-metering-technology-and-services-inspirations-for-energy-utilities\/smart-grid-implementation-in-brazil-must-focus-on-consumer-behavior-and-markets-regulation-and-energ\" target=\"_blank\" rel=\"noopener\">Smart Grid Implementation in Brazil Must Focus on Consumer Behavior and Markets, Regulation, and Energetic Mix Availability<\/a><\/li>\n<\/ul>\n<p style=\"padding-left: 60px;\">Chapter<span id=\"yui_3_14_1_1_1472493200124_540\" data-reactid=\"47\">\u00a0\u00b7\u00a0June 2016 &#8211;\u00a0<\/span>DOI: 10.5772\/62582 <span id=\"yui_3_14_1_1_1472493200124_545\" data-reactid=\"55\"><br data-reactid=\"56\" \/><\/span><\/p>\n<p style=\"padding-left: 60px;\">In book: Smart Metering Technology and Services &#8211; Inspirations for Energy Utilities<\/p>\n<ul>\n<li><a onclick=\"javascript:pageTracker._trackPageview('\/outgoing\/www.knbs.net.br\/site\/wp-content\/uploads\/2020\/09\/Artigo_SENDI2016-formato-Sendi-vfinal.pdf');\"  href=\"https:\/\/www.knbs.net.br\/site\/wp-content\/uploads\/2020\/09\/Artigo_SENDI2016-formato-Sendi-vfinal.pdf\">Modelagem estrat\u00e9gica para a caracteriza\u00e7\u00e3o das condi\u00e7\u00f5es de antecipa\u00e7\u00e3o do atendimento ao cliente para a melhoria operacional e de servi\u00e7os<\/a><\/li>\n<\/ul>\n<p style=\"padding-left: 60px;\">Publicado\u00a0e\u00a0apresentado no XXII SENDI (Semin\u00e1rio Nacional Distribui\u00e7\u00e3o de Energia El\u00e9trica) &#8211; 2016 &#8211; Curitiba, PR<\/p>\n<h2><span style=\"color: #993300;\">2014<\/span><\/h2>\n<ul>\n<li><a onclick=\"javascript:pageTracker._trackPageview('\/outgoing\/www.knbs.net.br\/site\/wp-content\/uploads\/2009\/10\/ARTIGO-1-IXCBPE-Carlos-Fr\u00f3es.pdf');\"  href=\"http:\/\/www.knbs.net.br\/site\/wp-content\/uploads\/2009\/10\/ARTIGO-1-IXCBPE-Carlos-Fr\u00f3es.pdf\" target=\"_blank\" rel=\"noopener\">Qual o motivador para a urg\u00eancia da implanta\u00e7\u00e3o da <em>smart grid<\/em> no sistema el\u00e9trico?<\/a><\/li>\n<\/ul>\n<p style=\"padding-left: 60px;\">Publicado, apresentado e laureado no IX\u00a0CBPE (Congresso Brasileiro de Planejamento Energ\u00e9tico) &#8211; 2014<\/p>\n<h2><span style=\"color: #993300;\">2013<\/span><\/h2>\n<ul>\n<li><a onclick=\"javascript:pageTracker._trackPageview('\/outgoing\/www.knbs.net.br\/site\/wp-content\/uploads\/2009\/10\/Revista+PD_05+_+artigo+Froes.pdf');\" title=\"Sistema de religamento e Corte - Revista ANEEL\"  href=\"http:\/\/www.knbs.net.br\/site\/wp-content\/uploads\/2009\/10\/Revista+PD_05+_+artigo+Froes.pdf\" target=\"_blank\" rel=\"noopener\">Sistema de Religamento e Corte de unidades consumidoras com tecnologia Bluetooth<\/a><\/li>\n<\/ul>\n<p style=\"padding-left: 60px;\">Publicado na Revista de P&amp;D ANEEL no. 5, agosto 2013<\/p>\n<ul>\n<li><a onclick=\"javascript:pageTracker._trackPageview('\/outgoing\/www.knbs.net.br\/site\/wp-content\/uploads\/2009\/10\/auditoria-Equipes-XXII-SNPTEE.pdf');\"  href=\"http:\/\/www.knbs.net.br\/site\/wp-content\/uploads\/2009\/10\/auditoria-Equipes-XXII-SNPTEE.pdf\" target=\"_blank\" rel=\"noopener\">Auditoria, Acompanhamento de Resultados e de equipes nas a\u00e7\u00f5es de Efici\u00eancia Energ\u00e9tica<\/a><\/li>\n<\/ul>\n<p style=\"padding-left: 60px;\">Publicado\u00a0e\u00a0apresentado no XXII SNPTEE (Semin\u00e1rio Nacional de Produ\u00e7\u00e3o e Transmiss\u00e3o de Energia El\u00e9trica) &#8211; 2013<\/p>\n<h2><span style=\"color: #993300;\">2012<\/span><\/h2>\n<ul>\n<li><a onclick=\"javascript:pageTracker._trackPageview('\/outgoing\/www.knbs.net.br\/site\/wp-content\/uploads\/2009\/10\/KNBSBluetooth_-_SBSE_2012_Vfinal.pdf');\"  href=\"http:\/\/www.knbs.net.br\/site\/wp-content\/uploads\/2009\/10\/KNBSBluetooth_-_SBSE_2012_Vfinal.pdf\" target=\"_blank\" rel=\"noopener\">Cabe\u00e7a de S\u00e9rie do Sistema de Religamento &amp; Corte de Unidades Consumidoras com Tecnologia Bluetooth<\/a><\/li>\n<\/ul>\n<p style=\"padding-left: 60px;\">Publicado no IV Simp\u00f3sio Brasileiro de Sistemas El\u00e9tricos, Goi\u00e2nia, GO em maio, 2012<\/p>\n<ul>\n<li><a onclick=\"javascript:pageTracker._trackPageview('\/outgoing\/www.knbs.net.br\/site\/wp-content\/uploads\/2009\/10\/Caracterizacao_do_espaco_regulatorio_para_Smart_Grid.pdf');\"  href=\"http:\/\/www.knbs.net.br\/site\/wp-content\/uploads\/2009\/10\/Caracterizacao_do_espaco_regulatorio_para_Smart_Grid.pdf\" target=\"_blank\" rel=\"noopener\">Caracteriza\u00e7\u00e3o do Espa\u00e7o Regulat\u00f3rio para Smart Grid<\/a><\/li>\n<\/ul>\n<p style=\"padding-left: 60px;\">Publicado, apresentado e laureado no VIII CBPE (Congresso Brasileiro de Planejamento Energ\u00e9tico)<\/p>\n<ul>\n<li><a onclick=\"javascript:pageTracker._trackPageview('\/outgoing\/www.sciencedirect.com\/science\/article\/pii\/S0360544212001284');\" class=\"gsc_title_link\"  href=\"http:\/\/www.sciencedirect.com\/science\/article\/pii\/S0360544212001284\" data-clk=\"hl=pt-BR&amp;sa=T&amp;ei=EXTEV6mEDtaSjAGE-J6ABg\">Smart metering and systems to support a conscious use of water and electricity<\/a><\/li>\n<\/ul>\n<p style=\"padding-left: 60px;\">Publicado no Journal\u00a0Energy,\u00a0Volume 45, Issue 1, September 2012, Pages 528\u2013540<\/p>\n<h2><span style=\"color: #993300;\">2011<\/span><\/h2>\n<ul>\n<li><a onclick=\"javascript:pageTracker._trackPageview('\/outgoing\/www.knbs.net.br\/site\/wp-content\/uploads\/2012\/10\/ECOS_SmartGrid-Brazil-Froes-Jannuzz-final.pdf');\"  href=\"http:\/\/www.knbs.net.br\/site\/wp-content\/uploads\/2012\/10\/ECOS_SmartGrid-Brazil-Froes-Jannuzz-final.pdf\" target=\"_blank\" rel=\"noopener\">Smart Grid will be a Reality. For Developing Countries, Energetic Matrix, Socio-cultural Issues, Regulatory and Local Development Shaping Outcomes, Incomes and Feasibility Efficiency Awareness<\/a><\/li>\n<\/ul>\n<p style=\"padding-left: 60px;\">Publicado e apresentado no evento\u00a0ECOS 2011 \u2013 24th International Conference on Efficiency, Cost, Optimization, Simulation and Environmental Impact of Energy Systems \u2013 july, 2011 in <strong>Novi Sad, Serbia<\/strong><\/p>\n<ul>\n<li><a onclick=\"javascript:pageTracker._trackPageview('\/outgoing\/www.knbs.net.br\/site\/wp-content\/uploads\/2012\/10\/Dubrovinik-Market-overview-final2.pdf');\"  href=\"http:\/\/www.knbs.net.br\/site\/wp-content\/uploads\/2012\/10\/Dubrovinik-Market-overview-final2.pdf\" target=\"_blank\" rel=\"noopener\">Smart Grid implementation in developing countries: analysis focussing consumer behaviour, markets and regulation<\/a><\/li>\n<\/ul>\n<p style=\"padding-left: 60px;\">Publicado e apresentado no evento 6th Dubrovinik Conference on Sustainable Development of Energy Water and Environment Systems \u2013 sept, 2011 \u00a0in <strong>Dubrovinik, Croatia<\/strong><\/p>\n<ul>\n<li><a onclick=\"javascript:pageTracker._trackPageview('\/outgoing\/www.knbs.net.br\/site\/wp-content\/uploads\/2009\/10\/VII-CIERTEC-Medi\u00e7\u00f5es-Inteligentes-v4.pdf');\"  href=\"http:\/\/www.knbs.net.br\/site\/wp-content\/uploads\/2009\/10\/VII-CIERTEC-Medi\u00e7\u00f5es-Inteligentes-v4.pdf\" target=\"_blank\" rel=\"noopener\">Medi\u00e7\u00f5es Inteligentes como Ferramental para incentivar um consumo consciente<\/a><\/li>\n<\/ul>\n<p style=\"padding-left: 60px;\">Publicado e apresentado no VII CIERTEC (Evento Tecnol\u00f3gico do CIER) &#8211; 2011<\/p>\n<ul>\n<li><a onclick=\"javascript:pageTracker._trackPageview('\/outgoing\/www.knbs.net.br\/site\/wp-content\/uploads\/2009\/10\/VII-CIERTEC-TT-videoconf-KNBS-Coelce.pdf');\"  href=\"http:\/\/www.knbs.net.br\/site\/wp-content\/uploads\/2009\/10\/VII-CIERTEC-TT-videoconf-KNBS-Coelce.pdf\" target=\"_blank\" rel=\"noopener\">Posto Avan\u00e7ado de atendimento ao consumidor por videoconfer\u00eancia<\/a><\/li>\n<\/ul>\n<p style=\"padding-left: 60px;\">Publicado e apresentado no VII CIERTEC (Evento Tecnol\u00f3gico do CIER) &#8211; 2011<\/p>\n<ul>\n<li>Posto Avan\u00e7ado de Atendimento ao\u00a0Consumidor por Videoconfer\u00eancia<\/li>\n<\/ul>\n<p style=\"padding-left: 60px;\">Publicado na\u00a0<a onclick=\"javascript:pageTracker._trackPageview('\/outgoing\/www.aneel.gov.br\/arquivos\/PDF\/revista_P&amp;D_04_web.pdf');\"  href=\"http:\/\/www.aneel.gov.br\/arquivos\/PDF\/revista_P&amp;D_04_web.pdf\" target=\"_blank\" rel=\"noopener\">Revista de P&amp;D ANEEL no. 4 &#8211; agosto 2011<\/a><\/p>\n<ul>\n<li><a onclick=\"javascript:pageTracker._trackPageview('\/outgoing\/www.knbs.net.br\/site\/wp-content\/uploads\/2009\/10\/Perdas-CITENEL-2011-v1.pdf');\"  href=\"http:\/\/www.knbs.net.br\/site\/wp-content\/uploads\/2009\/10\/Perdas-CITENEL-2011-v1.pdf\" target=\"_blank\" rel=\"noopener\">Sistemas de caracteriza\u00e7\u00e3o de perdas n\u00e3o t\u00e9cnicas baseado no perfil de consumidores para otimiza\u00e7\u00e3o de inspe\u00e7\u00f5es e recupea\u00e7\u00e3o de receita<\/a><\/li>\n<\/ul>\n<p style=\"padding-left: 60px;\">Publicado e apresentado no VI CITENEL (Congresso de Inova\u00e7\u00e3o Tecnol\u00f3gica em Energia El\u00e9trica) &#8211; 2011<\/p>\n<ul>\n<li><a onclick=\"javascript:pageTracker._trackPageview('\/outgoing\/www.knbs.net.br\/site\/wp-content\/uploads\/2009\/10\/Perdas-CITENEL-2011-v1.pdf');\"  href=\"http:\/\/www.knbs.net.br\/site\/wp-content\/uploads\/2009\/10\/Perdas-CITENEL-2011-v1.pdf\" target=\"_blank\" rel=\"noopener\">Planejando o Mercado de <em>Smart Grid<\/em>: Regulamenta\u00e7\u00e3o e Compromissos com o Cliente-Consumidor<\/a><\/li>\n<\/ul>\n<p style=\"padding-left: 60px;\">Publicado\u00a0e\u00a0apresentado no XXI SNPTEE (Semin\u00e1rio Nacional de Produ\u00e7\u00e3o e Transmiss\u00e3o de Energia El\u00e9trica) &#8211; 2011<\/p>\n<ul>\n<li><a onclick=\"javascript:pageTracker._trackPageview('\/outgoing\/www.knbs.net.br\/site\/wp-content\/uploads\/2009\/10\/SistemadeMedi\u00e7\u00f5es-inteligentes_v6.pdf');\"  href=\"http:\/\/www.knbs.net.br\/site\/wp-content\/uploads\/2009\/10\/SistemadeMedi\u00e7\u00f5es-inteligentes_v6.pdf\" target=\"_blank\" rel=\"noopener\">Automa\u00e7\u00e3o e Medi\u00e7\u00f5es Inteligentes para Incentivar o Consumo Consciente de Energia e \u00c1gua<\/a><\/li>\n<\/ul>\n<p style=\"padding-left: 60px;\">Apresentado e Publicado no IX SIMPASE (Simp\u00f3sio de Automa\u00e7\u00e3o do Sistema El\u00e9trico) &#8211; 2011<\/p>\n<h2><span style=\"color: #993300;\">2010<\/span><\/h2>\n<ul>\n<li><a onclick=\"javascript:pageTracker._trackPageview('\/outgoing\/www.knbs.net.br\/site\/wp-content\/uploads\/2009\/10\/SistemadeMedi\u00e7\u00f5es-inteligentes_v6.pdf');\"  href=\"http:\/\/www.knbs.net.br\/site\/wp-content\/uploads\/2009\/10\/SistemadeMedi\u00e7\u00f5es-inteligentes_v6.pdf\" target=\"_blank\" rel=\"noopener\">Sistema de Medi\u00e7\u00f5es Inteligentes para incentivar o uso\u00a0consciente de energia e \u00e1gua<\/a><\/li>\n<\/ul>\n<p style=\"padding-left: 60px;\">Apresentado no 2010 IEEE\/PES Transmission &amp; Distribution Latin America<\/p>\n<ul>\n<li><a onclick=\"javascript:pageTracker._trackPageview('\/outgoing\/www.knbs.net.br\/site\/wp-content\/uploads\/2012\/10\/Metering-Carlos-Fr%C3%B3es-setembro.pdf');\"  href=\"http:\/\/www.knbs.net.br\/site\/wp-content\/uploads\/2012\/10\/Metering-Carlos-Fr%C3%B3es-setembro.pdf\" target=\"_blank\" rel=\"noopener\">Metering, smart metering e o cliente como decisor no uso diferenciado de energia, g\u00e1s e \u00e1gua \u2013 um relacionamento que deve ser reconhecido e ampliado<\/a><\/li>\n<\/ul>\n<p style=\"padding-left: 60px;\">Apresentado no Metering Latin America \u2013 S\u00e3o Paulo, SP \u2013 setembro- 2010<\/p>\n<ul>\n<li><a onclick=\"javascript:pageTracker._trackPageview('\/outgoing\/www.knbs.net.br\/site\/wp-content\/uploads\/2009\/10\/SistemadeMedi\u00e7\u00f5es-inteligentes_v6.pdf');\"  href=\"http:\/\/www.knbs.net.br\/site\/wp-content\/uploads\/2009\/10\/SistemadeMedi\u00e7\u00f5es-inteligentes_v6.pdf\" target=\"_blank\" rel=\"noopener\">Posto Avan\u00e7ado de Atendimento ao Consumidor por Videoconfer\u00eancia<\/a><\/li>\n<\/ul>\n<p style=\"padding-left: 60px;\">Publicado e apresentado: XIX SENDI (Semin\u00e1rio Nacional de Distribui\u00e7\u00e3o de Energia El\u00e9trica) &#8211; 2010<\/p>\n<h2><span style=\"color: #993300;\">2009<\/span><\/h2>\n<div id=\"_mcePaste\" style=\"position: absolute; left: -10000px; top: 0px; width: 1px; height: 1px; overflow: hidden;\">Programa Ecoelce de Troca de Res\u00edduos por B\u00f4nus<\/div>\n<div id=\"_mcePaste\" style=\"position: absolute; left: -10000px; top: 0px; width: 1px; height: 1px; overflow: hidden;\">na Conta de Energia<\/div>\n<ul>\n<li>Programa Ecoelce de Troca de Res\u00edduos por B\u00f4nus na Conta de Energia<\/li>\n<\/ul>\n<p style=\"padding-left: 60px;\"><span style=\"color: #0000ee;\"><span style=\"color: #000000;\">Publicado na<\/span> <a onclick=\"javascript:pageTracker._trackPageview('\/outgoing\/www.aneel.gov.br\/arquivos\/pdf\/revistap&amp;d3.pdf');\"  href=\"http:\/\/www.aneel.gov.br\/arquivos\/pdf\/revistap&amp;d3.pdf\" target=\"_blank\" rel=\"noopener\">Revista de P&amp;D ANEEL n0. 3 &#8211; junho 2009<\/a><\/span><\/p>\n<ul>\n<li><a onclick=\"javascript:pageTracker._trackPageview('\/outgoing\/www.knbs.net.br\/site\/wp-content\/uploads\/2009\/10\/ecoelce-v-CITENEL-2009-1.pdf');\"  href=\"http:\/\/www.knbs.net.br\/site\/wp-content\/uploads\/2009\/10\/ecoelce-v-CITENEL-2009-1.pdf\" target=\"_blank\" rel=\"noopener\">Programa Ecoelce de Troca de Res\u00edduos por B\u00f4nus na Conta de Energia<\/a><\/li>\n<\/ul>\n<p style=\"padding-left: 60px;\">Apresentado e publicado:V CITENEL (Congresso de Inova\u00e7\u00e3o Tecnol\u00f3gica em Energia El\u00e9trica) \u2013 2009<\/p>\n<ul>\n<li><a onclick=\"javascript:pageTracker._trackPageview('\/outgoing\/www.knbs.net.br\/site\/wp-content\/uploads\/2009\/10\/Artigo_LeituraBluetooth_CITENEL_2009.pdf');\"  href=\"http:\/\/www.knbs.net.br\/site\/wp-content\/uploads\/2009\/10\/Artigo_LeituraBluetooth_CITENEL_2009.pdf\" target=\"_blank\" rel=\"noopener\">Sistema de Gest\u00e3o de Auditoria, Medi\u00e7\u00e3o e Faturamento<\/a><\/li>\n<\/ul>\n<p style=\"color: #000000; padding-left: 60px;\">Apresentado e publicado:V CITENEL (Congresso de Inova\u00e7\u00e3o Tecnol\u00f3gica em Energia El\u00e9trica) \u2013 2009<\/p>\n<ul>\n<li><a onclick=\"javascript:pageTracker._trackPageview('\/outgoing\/www.knbs.net.br\/site\/wp-content\/uploads\/2009\/10\/Artigo_GestaoMedidores_CITENEL_2009.pdf');\"  href=\"http:\/\/www.knbs.net.br\/site\/wp-content\/uploads\/2009\/10\/Artigo_GestaoMedidores_CITENEL_2009.pdf\" target=\"_blank\" rel=\"noopener\">Gest\u00e3o Estat\u00edstica de Medidores<\/a><\/li>\n<\/ul>\n<p style=\"color: #000000; padding-left: 60px;\">Apresentado e publicado:\u00a0V CITENEL (Congresso de Inova\u00e7\u00e3o Tecnol\u00f3gica em Energia El\u00e9trica) \u2013 2009<\/p>\n<ul>\n<li><a onclick=\"javascript:pageTracker._trackPageview('\/outgoing\/www.knbs.net.br\/site\/wp-content\/uploads\/2009\/10\/bluetooth-V-Citenel-2009.pdf');\"  href=\"http:\/\/www.knbs.net.br\/site\/wp-content\/uploads\/2009\/10\/bluetooth-V-Citenel-2009.pdf\" target=\"_blank\" rel=\"noopener\">Sistema de Religamento &amp; Corte de Unidades Consumidoras com Tecnologia Bluetooth<\/a><\/li>\n<\/ul>\n<p style=\"color: #000000; padding-left: 60px;\">Apresentado e publicado:\u00a0V CITENEL (Congresso de Inova\u00e7\u00e3o Tecnol\u00f3gica em Energia El\u00e9trica) \u2013 2009<\/p>\n<h2><span style=\"color: #993300;\">2008<\/span><\/h2>\n<ul>\n<li><a onclick=\"javascript:pageTracker._trackPageview('\/outgoing\/www.knbs.net.br\/site\/wp-content\/uploads\/2009\/10\/Limpezacadastral_revfroes.pdf');\"  href=\"http:\/\/www.knbs.net.br\/site\/wp-content\/uploads\/2009\/10\/Limpezacadastral_revfroes.pdf\" target=\"_blank\" rel=\"noopener\"> Consist\u00eancia da Base Cadastral e Controle da Qualidade dos Dados de Faturamento<\/a><\/li>\n<\/ul>\n<p style=\"color: #000000; padding-left: 60px;\">Apresentado e publicado:\u00a0XVIII SENDI (Semin\u00e1rio Nacional de Distribui\u00e7\u00e3o de Energia El\u00e9trica) &#8211; 2008<\/p>\n<ul>\n<li><a onclick=\"javascript:pageTracker._trackPageview('\/outgoing\/www.knbs.net.br\/site\/wp-content\/uploads\/2009\/10\/Sendi2008_Sil-72_final.pdf');\"  href=\"http:\/\/www.knbs.net.br\/site\/wp-content\/uploads\/2009\/10\/Sendi2008_Sil-72_final.pdf\" target=\"_blank\" rel=\"noopener\">Comunica\u00e7\u00e3o Bluetooth nas Leituras de Medidores de Baixa Tens\u00e3o<\/a><\/li>\n<\/ul>\n<p style=\"padding-left: 60px;\">Apresentado e publicado:\u00a0XVIII SENDI (Semin\u00e1rio Nacional de Distribui\u00e7\u00e3o de Energia El\u00e9trica) &#8211; 2008<\/p>\n<ul>\n<li><a onclick=\"javascript:pageTracker._trackPageview('\/outgoing\/www.knbs.net.br\/site\/wp-content\/uploads\/2009\/10\/Gest\u00e3oArboriza\u00e7\u00e3o-SENDI-rev.pdf');\"  href=\"http:\/\/www.knbs.net.br\/site\/wp-content\/uploads\/2009\/10\/Gest\u00e3oArboriza\u00e7\u00e3o-SENDI-rev.pdf\" target=\"_blank\" rel=\"noopener\">Sistema de Gest\u00e3o e Manejo da Arboriza\u00e7\u00e3o Urbana ao Longo das Redes de Distribui\u00e7\u00e3o<\/a><\/li>\n<\/ul>\n<p style=\"padding-left: 60px;\">Apresentado e publicado:\u00a0XVIII SENDI (Semin\u00e1rio Nacional de Distribui\u00e7\u00e3o de Energia El\u00e9trica) &#8211; 2008<\/p>\n<ul>\n<li><a onclick=\"javascript:pageTracker._trackPageview('\/outgoing\/www.knbs.net.br\/site\/wp-content\/uploads\/2009\/10\/Ecoelce-SENDI_rev.pdf');\"  href=\"http:\/\/www.knbs.net.br\/site\/wp-content\/uploads\/2009\/10\/Ecoelce-SENDI_rev.pdf\" target=\"_blank\" rel=\"noopener\">Programa Ecoelce de Troca de Res\u00edduos por B\u00f4nus em Energia<\/a><\/li>\n<\/ul>\n<p style=\"padding-left: 60px;\">Apresentado e publicado:\u00a0XVIII SENDI (Semin\u00e1rio Nacional de Distribui\u00e7\u00e3o de Energia El\u00e9trica) &#8211; 2008<\/p>\n<h2><span style=\"color: #993300;\">2007<\/span><\/h2>\n<ul>\n<li><a onclick=\"javascript:pageTracker._trackPageview('\/outgoing\/www.aneel.gov.br\/biblioteca\/citenel2007\/pdf\/it91.pdf');\"  href=\"http:\/\/www.aneel.gov.br\/biblioteca\/citenel2007\/pdf\/it91.pdf\" target=\"_blank\" rel=\"noopener\">Sistema de Gest\u00e3o e Manejo da Arboriza\u00e7\u00e3o\u00a0Urbana ao Longo das Redes de Distribui\u00e7\u00e3o<\/a><\/li>\n<\/ul>\n<p style=\"padding-left: 60px;\">Apresentado e publicado: \u00a0IV CITENEL (Congresso de Inova\u00e7\u00e3o Tecnol\u00f3gica em Energia El\u00e9trica) \u2013 2007<\/p>\n<p>&nbsp;<\/p>\n","protected":false},"excerpt":{"rendered":"<p>Dentro do modelo de pesquisas t\u00e9cnicas como solu\u00e7\u00f5es, foram feitas discuss\u00f5es de temas relevantes \u00e0\u00a0uma modifica\u00e7\u00e3o cultural e\u00a0novas diretrizes operacionais. \u00a0O setor de energia foi o maior demandante neste espa\u00e7o. Resultaram projetos e solu\u00e7\u00f5es reconhecidas\u00a0como inovadoras de conceito e organizadoras dos processos operacionais\u00a0com vis\u00e3o de futuro. \u00a0Do ponto de vista sist\u00eamico, solu\u00e7\u00f5es e discuss\u00f5es que [&hellip;]<\/p>\n","protected":false},"author":1,"featured_media":0,"parent":0,"menu_order":0,"comment_status":"closed","ping_status":"closed","template":"","meta":{"footnotes":""},"class_list":["post-456","page","type-page","status-publish","hentry"],"_links":{"self":[{"href":"https:\/\/knbs.net.br\/site\/wp-json\/wp\/v2\/pages\/456","targetHints":{"allow":["GET"]}}],"collection":[{"href":"https:\/\/knbs.net.br\/site\/wp-json\/wp\/v2\/pages"}],"about":[{"href":"https:\/\/knbs.net.br\/site\/wp-json\/wp\/v2\/types\/page"}],"author":[{"embeddable":true,"href":"https:\/\/knbs.net.br\/site\/wp-json\/wp\/v2\/users\/1"}],"replies":[{"embeddable":true,"href":"https:\/\/knbs.net.br\/site\/wp-json\/wp\/v2\/comments?post=456"}],"version-history":[{"count":0,"href":"https:\/\/knbs.net.br\/site\/wp-json\/wp\/v2\/pages\/456\/revisions"}],"wp:attachment":[{"href":"https:\/\/knbs.net.br\/site\/wp-json\/wp\/v2\/media?parent=456"}],"curies":[{"name":"wp","href":"https:\/\/api.w.org\/{rel}","templated":true}]}}