{"id":420,"date":"2009-10-30T09:59:44","date_gmt":"2009-10-30T12:59:44","guid":{"rendered":"http:\/\/www.knbs.net.br\/?page_id=420"},"modified":"2009-10-30T09:59:44","modified_gmt":"2009-10-30T12:59:44","slug":"power-business-suite","status":"publish","type":"page","link":"https:\/\/knbs.net.br\/site\/power-business-suite\/","title":{"rendered":"Outros"},"content":{"rendered":"<p style=\"text-align: left;\"><img loading=\"lazy\" decoding=\"async\" class=\"aligncenter wp-image-2960\" src=\"http:\/\/www.knbs.net.br\/site\/wp-content\/uploads\/2009\/10\/energia-em-tens\u00e3o.jpg\" alt=\"energia em tens\u00e3o\" width=\"411\" height=\"611\" \/><\/p>\n<ul>\n<li><a onclick=\"javascript:pageTracker._trackPageview('\/outgoing\/www.knbs.net.br\/site\/wp-content\/uploads\/2009\/10\/Sendi2008_PBS.pdf');\"  href=\"http:\/\/www.knbs.net.br\/site\/wp-content\/uploads\/2009\/10\/Sendi2008_PBS.pdf\" target=\"_blank\" rel=\"noopener\">Sistema Computacional de Gest\u00e3o do Conhecimento para Apoio ao Planejamento de Novos Neg\u00f3cios em Redes de Distribui\u00e7\u00e3o de Energia El\u00e9trica<\/a><\/li>\n<\/ul>\n<p style=\"margin-bottom: 0cm;\" align=\"justify\">Apresentado e publicado:\u00a0XVIII SENDI (Semin\u00e1rio Nacional de Distribui\u00e7\u00e3o de Energia El\u00e9trica) \u2013 2008<\/p>\n<ul>\n<li><a onclick=\"javascript:pageTracker._trackPageview('\/outgoing\/www.knbs.net.br\/site\/wp-content\/uploads\/2009\/10\/bluetooth-V-Citenel-2009.pdf');\"  href=\"http:\/\/www.knbs.net.br\/site\/wp-content\/uploads\/2009\/10\/bluetooth-V-Citenel-2009.pdf\" target=\"_blank\" rel=\"noopener\">Sistema de Religamento &amp; Corte de Unidades Consumidoras com Tecnologia Bluetooth<\/a><\/li>\n<\/ul>\n<p>Apresentado e publicado no evento \u00a0V CITENEL (Congresso de Inova\u00e7\u00e3o Tecnol\u00f3gica em Energia El\u00e9trica) &#8211; 2009<\/p>\n<ul>\n<li><a onclick=\"javascript:pageTracker._trackPageview('\/outgoing\/www.knbs.net.br\/site\/wp-content\/uploads\/2009\/10\/Religamento_Corte_V4-1-SENDI-rev.pdf');\"  href=\"http:\/\/www.knbs.net.br\/site\/wp-content\/uploads\/2009\/10\/Religamento_Corte_V4-1-SENDI-rev.pdf\" target=\"_blank\" rel=\"noopener\">Sistema de Religamento &amp; Corte de Unidades Consumidoras com Tecnologia Bluetooth<\/a><\/li>\n<\/ul>\n<p>Apresentado e publicado:\u00a0XVIII SENDI (Semin\u00e1rio Nacional de Distribui\u00e7\u00e3o de Energia El\u00e9trica) \u2013 2008<\/p>\n","protected":false},"excerpt":{"rendered":"<p>Sistema Computacional de Gest\u00e3o do Conhecimento para Apoio ao Planejamento de Novos Neg\u00f3cios em Redes de Distribui\u00e7\u00e3o de Energia El\u00e9trica Apresentado e publicado:\u00a0XVIII SENDI (Semin\u00e1rio Nacional de Distribui\u00e7\u00e3o de Energia El\u00e9trica) \u2013 2008 Sistema de Religamento &amp; Corte de Unidades Consumidoras com Tecnologia Bluetooth Apresentado e publicado no evento \u00a0V CITENEL (Congresso de Inova\u00e7\u00e3o Tecnol\u00f3gica [&hellip;]<\/p>\n","protected":false},"author":1,"featured_media":0,"parent":0,"menu_order":4,"comment_status":"closed","ping_status":"closed","template":"","meta":{"footnotes":""},"class_list":["post-420","page","type-page","status-publish","hentry"],"_links":{"self":[{"href":"https:\/\/knbs.net.br\/site\/wp-json\/wp\/v2\/pages\/420","targetHints":{"allow":["GET"]}}],"collection":[{"href":"https:\/\/knbs.net.br\/site\/wp-json\/wp\/v2\/pages"}],"about":[{"href":"https:\/\/knbs.net.br\/site\/wp-json\/wp\/v2\/types\/page"}],"author":[{"embeddable":true,"href":"https:\/\/knbs.net.br\/site\/wp-json\/wp\/v2\/users\/1"}],"replies":[{"embeddable":true,"href":"https:\/\/knbs.net.br\/site\/wp-json\/wp\/v2\/comments?post=420"}],"version-history":[{"count":0,"href":"https:\/\/knbs.net.br\/site\/wp-json\/wp\/v2\/pages\/420\/revisions"}],"wp:attachment":[{"href":"https:\/\/knbs.net.br\/site\/wp-json\/wp\/v2\/media?parent=420"}],"curies":[{"name":"wp","href":"https:\/\/api.w.org\/{rel}","templated":true}]}}