{"id":392,"date":"2009-10-30T09:15:11","date_gmt":"2009-10-30T12:15:11","guid":{"rendered":"http:\/\/www.knbs.net.br\/?page_id=392"},"modified":"2009-10-30T09:15:11","modified_gmt":"2009-10-30T12:15:11","slug":"saas-software-as-a-service","status":"publish","type":"page","link":"https:\/\/knbs.net.br\/site\/saas-software-as-a-service\/","title":{"rendered":"Modelos de Neg\u00f3cio"},"content":{"rendered":"<p>Com o objetivo de atender os clientes da forma mais adequada a seus processos internos a <strong>KNBS <\/strong>comercializa suas solu\u00e7\u00f5es atrav\u00e9s de modelos de neg\u00f3cios variados.<\/p>\n<p>Nossos modelos de neg\u00f3cios s\u00e3o adequados \u00e0s necessidades e interesses de nossos clientes, permitindo ader\u00eancia a suas estrat\u00e9gias de neg\u00f3cios.<\/p>\n<p>Atuamos com <strong>licenciamento de software <\/strong>e tamb\u00e9m no fornecimento de solu\u00e7\u00f5es no modelo <strong>SaaS (<em>Software as a Service<\/em>).<\/strong> O <strong>licenciamento de software<\/strong> pode abranger:<\/p>\n<ul>\n<li>Customiza\u00e7\u00e3o da solu\u00e7\u00e3o <strong>KNBS, <\/strong>caso requerido pelo cliente;<\/li>\n<li>Projeto e servi\u00e7os de implanta\u00e7\u00e3o;<\/li>\n<li>Suporte e atendimento;<\/li>\n<li>Manuten\u00e7\u00e3o;<\/li>\n<li>Atualiza\u00e7\u00f5es de acordo com a evolu\u00e7\u00e3o de vers\u00f5es.<a onclick=\"javascript:pageTracker._trackPageview('\/outgoing\/www.knbs.net.br\/site\/wp-content\/uploads\/2009\/10\/modelos-neg\u00f3cio-3.jpg');\"  href=\"http:\/\/www.knbs.net.br\/site\/wp-content\/uploads\/2009\/10\/modelos-neg\u00f3cio-3.jpg\"><img loading=\"lazy\" decoding=\"async\" class=\"aligncenter  wp-image-2780\" src=\"http:\/\/www.knbs.net.br\/site\/wp-content\/uploads\/2009\/10\/modelos-neg\u00f3cio-3.jpg\" alt=\"modelos neg\u00f3cio 3\" width=\"387\" height=\"249\" \/><\/a><\/li>\n<\/ul>\n<p>Com o modelo <strong>SaaS<\/strong> os clientes da <strong>KNBS <\/strong>podem se beneficiar de nossas aplica\u00e7\u00f5es com a melhor rela\u00e7\u00e3o custo-benef\u00edcio poss\u00edvel.<\/p>\n<p>As aplica\u00e7\u00f5es permanecem instaladas em nossa infra-estrutura tecnol\u00f3gica e s\u00e3o acess\u00edveis ao usu\u00e1rio\/cliente via Web, propiciando-lhe a percep\u00e7\u00e3o de que mant\u00e9m a solu\u00e7\u00e3o dentro de seu pr\u00f3prio ambiente operacional.<\/p>\n<p>No modelo <strong>SaaS<\/strong>, a <strong>KNBS <\/strong>\u00e9 respons\u00e1vel por manter e controlar o funcionamento da aplica\u00e7\u00e3o e dos servidores onde est\u00e1 instalada, liberando tempo e outros recursos do cliente para o seu neg\u00f3cio n\u00facleo.<\/p>\n<p>O cliente possui completo controle administrativo sobre a aplica\u00e7\u00e3o.<\/p>\n<h3><span style=\"color: #ff6600;\">O modelo <strong>SaaS<\/strong> permite a nossos clientes: <\/span><\/h3>\n<ul>\n<li>Implanta\u00e7\u00e3o r\u00e1pida do servi\u00e7o, n\u00e3o sendo necess\u00e1rios investimentos em novo hardware ou software;<\/li>\n<li>Acessibilidade global via Web (as solu\u00e7\u00f5es podem ser acessadas a qualquer hora e em qualquer lugar);<\/li>\n<li>Escalabilidade &#8211; o n\u00famero de usu\u00e1rios e\/ou de transa\u00e7\u00f5es suportadas pode ser facilmente escal\u00e1vel;<\/li>\n<li>Flexibilidade para necessidade de mudan\u00e7as relacionadas ao neg\u00f3cio;<\/li>\n<li>Equipe t\u00e9cnica e de suporte de alta qualidade;<\/li>\n<li>Custos previs\u00edveis e proporcionais \u00e0 demanda real e ao n\u00edvel de servi\u00e7o requerido;<\/li>\n<li>Evolu\u00e7\u00f5es constantes.<\/li>\n<\/ul>\n<p>Para saber mais sobre nossas solu\u00e7\u00f5es e os modelos de neg\u00f3cios que podemos adotar para melhor atender sua empresa <a onclick=\"javascript:pageTracker._trackPageview('\/outgoing\/www.knbs.net.br\/fale-conosco\/');\"  href=\"http:\/\/www.knbs.net.br\/fale-conosco\/\">entre em contato conosco agora<\/a>.<\/p>\n","protected":false},"excerpt":{"rendered":"<p>Com o objetivo de atender os clientes da forma mais adequada a seus processos internos a KNBS comercializa suas solu\u00e7\u00f5es atrav\u00e9s de modelos de neg\u00f3cios variados. Nossos modelos de neg\u00f3cios s\u00e3o adequados \u00e0s necessidades e interesses de nossos clientes, permitindo ader\u00eancia a suas estrat\u00e9gias de neg\u00f3cios. Atuamos com licenciamento de software e tamb\u00e9m no fornecimento [&hellip;]<\/p>\n","protected":false},"author":1,"featured_media":0,"parent":0,"menu_order":1,"comment_status":"closed","ping_status":"closed","template":"produto-template.php","meta":{"footnotes":""},"class_list":["post-392","page","type-page","status-publish","hentry"],"_links":{"self":[{"href":"https:\/\/knbs.net.br\/site\/wp-json\/wp\/v2\/pages\/392","targetHints":{"allow":["GET"]}}],"collection":[{"href":"https:\/\/knbs.net.br\/site\/wp-json\/wp\/v2\/pages"}],"about":[{"href":"https:\/\/knbs.net.br\/site\/wp-json\/wp\/v2\/types\/page"}],"author":[{"embeddable":true,"href":"https:\/\/knbs.net.br\/site\/wp-json\/wp\/v2\/users\/1"}],"replies":[{"embeddable":true,"href":"https:\/\/knbs.net.br\/site\/wp-json\/wp\/v2\/comments?post=392"}],"version-history":[{"count":0,"href":"https:\/\/knbs.net.br\/site\/wp-json\/wp\/v2\/pages\/392\/revisions"}],"wp:attachment":[{"href":"https:\/\/knbs.net.br\/site\/wp-json\/wp\/v2\/media?parent=392"}],"curies":[{"name":"wp","href":"https:\/\/api.w.org\/{rel}","templated":true}]}}