{"id":2846,"date":"2016-08-19T17:15:39","date_gmt":"2016-08-19T20:15:39","guid":{"rendered":"http:\/\/www.knbs.net.br\/?page_id=2846"},"modified":"2016-08-19T17:15:39","modified_gmt":"2016-08-19T20:15:39","slug":"ekl","status":"publish","type":"page","link":"https:\/\/knbs.net.br\/site\/ekl\/","title":{"rendered":"Suite EKL"},"content":{"rendered":"<p>O <strong>Produto EKL<em> \u2013 Environmental Kontrol and Logistics<\/em><\/strong> da KNBS fornece a qualifica\u00e7\u00e3o e organiza\u00e7\u00e3o de processos produtivos para uma amplia\u00e7\u00e3o e efici\u00eancia operacional: foca na estrutura\u00e7\u00e3o do modelo de opera\u00e7\u00e3o em um sistema dedicado ao controle de licen\u00e7as ambientais e suas consequ\u00eancias na opera\u00e7\u00e3o da concess\u00e3o.<\/p>\n<p>Esta solu\u00e7\u00e3o, o sistema <strong><em>EKL<\/em><\/strong>, corrobora os trabalhos em um rol de possibilidades e solu\u00e7\u00f5es focadas nas melhorias organizacionais, efic\u00e1cia operacional e vis\u00e3o sist\u00eamica, com redu\u00e7\u00e3o de disp\u00eandios financeiros, esfor\u00e7os, e integrando as condi\u00e7\u00f5es de sistemas da empresa\u00a0com diretrizes e uma opera\u00e7\u00e3o direcionada para as condi\u00e7\u00f5es ambientais:<\/p>\n<p><b>Gest\u00e3o de Licen\u00e7as: <\/b>registro das licen\u00e7as ambientais e todos os condicionantes ligados a cada licen\u00e7a.\u00a0 Facilita a gest\u00e3o destes condicionantes, com alertas de prazos de vencimentos, minimizando assim a exposi\u00e7\u00e3o da empresa frente aos \u00f3rg\u00e3os ambientais e a conformidade regulat\u00f3ria.<\/p>\n<p>O sistema EKL permite tamb\u00e9m a gest\u00e3o de licen\u00e7as para terceiros, contemplando as possibilidades de acompanhamento do status, respons\u00e1veis e contatos dessas licen\u00e7as.<\/p>\n<p><b>Controle de Documentos:<\/b> o sistema permite o arquivamento de todos os documentos referentes ao licenciamento. Com a utiliza\u00e7\u00e3o do sistema \u00e9 poss\u00edvel manter um hist\u00f3rico documental por unidade, com potencial de redu\u00e7\u00e3o de custos e agilidade no processo de atendimento de demandas.\u00a0 Permite tamb\u00e9m a gest\u00e3o de informa\u00e7\u00f5es de Comiss\u00f5es e Comit\u00eas relacionados ao Licenciamento Ambiental.<\/p>\n<p><b>Indicadores de Desempenho: <\/b>atrav\u00e9s da utiliza\u00e7\u00e3o do sistema \u00e9 poss\u00edvel verificar os indicadores de desempenho e monitor\u00e1-los diariamente como base para a equipe respons\u00e1vel pelo licenciamento ambiental, suportando tomadas de decis\u00e3o e necessidades de revis\u00e3o de or\u00e7amento.<\/p>\n<p><b>Relat\u00f3rios Gerenciais:<\/b> a ferramenta EKL det\u00e9m relat\u00f3rios gerenciais padronizados que poder\u00e3o ser emitidos periodicamente de forma autom\u00e1tica e encaminhados atrav\u00e9s de canais de comunica\u00e7\u00e3o predefinidos. Estes relat\u00f3rios visam a transpar\u00eancia do processo ambiental para os diferentes n\u00edveis hier\u00e1rquicos da empresa e fora dela. Permitir\u00e1 tamb\u00e9m a gest\u00e3o de demandas (\u00f3rg\u00e3os externos e estruturas internas) com informa\u00e7\u00f5es voltadas ao suporte em tomada de decis\u00e3o e workflow de processos.<\/p>\n<p><b>Sistema <\/b><b>Georreferenciado<\/b>: atrav\u00e9s do uso do GIS ser\u00e1 poss\u00edvel identificar no mapa a localiza\u00e7\u00e3o geogr\u00e1fica das unidades a serem monitoradas e acessadas, bem como os licenciamentos que se encontram em processos de obten\u00e7\u00e3o. Tamb\u00e9m poder\u00e3o ser definidos grupos contendo licenciamentos similares de acordo com cada regional.<\/p>\n<p><b>Tabela de Condicionantes:<\/b> apresenta todas as informa\u00e7\u00f5es relacionadas a uma licen\u00e7a espec\u00edfica. A partir deste ambiente \u00e9 poss\u00edvel administrar o ciclo de vida da condicionante bem como atividades necess\u00e1rias para mant\u00ea-la dentro da conformidade.\u00a0Para cada condicionante \u00e9 poss\u00edvel cadastrar e gerenciar todas as atividades, riscos (impacto, a\u00e7\u00e3o de mitiga\u00e7\u00e3o e prazo para executar a a\u00e7\u00e3o), custos, prazos e respons\u00e1veis. Atrav\u00e9s desta funcionalidade \u00e9 poss\u00edvel gerar alertas para atendimento de plano de a\u00e7\u00e3o.<\/p>\n<p><img loading=\"lazy\" decoding=\"async\" class=\"aligncenter wp-image-2847\" src=\"http:\/\/www.knbs.net.br\/site\/wp-content\/uploads\/2016\/08\/responsabilidade-e-sustentabilidade.jpg\" alt=\"responsabilidade e sustentabilidade\" width=\"613\" height=\"463\" \/><\/p>\n<p>&nbsp;<\/p>\n<p><b>Log\u00edstica de Res\u00edduos:<\/b> o sistema permite o controle de res\u00edduos por empreendimento\/localiza\u00e7\u00e3o, por tipo de res\u00edduos, parceiros, quantidades coletadas, valores financeiros envolvidos, licen\u00e7as associadas e documenta\u00e7\u00e3o relacionada com a destina\u00e7\u00e3o, fortalecendo o ciclo estrat\u00e9gico da estrutura de responsabilidade com o tema.<\/p>\n<p><b>Painel de Obriga\u00e7\u00f5es:<\/b> permite o gerenciamento das obriga\u00e7\u00f5es do empreendimento, e podem ser classificados como \u201cdoa\u00e7\u00f5es\u201d, \u201cpatroc\u00ednios\u201d ou \u201cacordos\u201d. Ao selecionar uma das op\u00e7\u00f5es ser\u00e1 poss\u00edvel fazer uma an\u00e1lise situacional aprofundada.<\/p>\n<p><b>Relat\u00f3rio de entregas: <\/b>permite o acompanhamento de forma global de todas as entregas de documentos e obriga\u00e7\u00f5es para os \u00f3rg\u00e3os e entidades envolvidas no processo de licenciamento. Permite tamb\u00e9m o acompanhamento e visualiza\u00e7\u00e3o do status dos licenciamentos como LP (Licen\u00e7a Pr\u00e9via), LI (Licen\u00e7a de Instala\u00e7\u00e3o) e LO (Licen\u00e7a de Opera\u00e7\u00e3o) e outras poss\u00edveis deriva\u00e7\u00f5es espec\u00edficas do neg\u00f3cio.<\/p>\n<p>Uma fun\u00e7\u00e3o <b>AGENDA <\/b>permitir\u00e1 visualizar e realizar a gest\u00e3o de todos os processos do licenciamento atrav\u00e9s de um workflow de atividades, suportado por uma s\u00e9rie de funcionalidades como alarmes, mensagens autom\u00e1ticas, entre outras.<\/p>\n<p>&nbsp;<\/p>\n<p><img loading=\"lazy\" decoding=\"async\" class=\"wp-image-2853 alignleft\" src=\"http:\/\/www.knbs.net.br\/site\/wp-content\/uploads\/2016\/08\/licen\u00e7as-ambientais.jpg\" alt=\"licen\u00e7as ambientais\" width=\"340\" height=\"340\" \/>O <strong>Suite\u00a0EKL<\/strong> \u00e9 facilmente configur\u00e1vel. A primeira tela do sistema j\u00e1 apresenta funcionalidades de seguran\u00e7a, como controle de perfis de acesso a funcionalidades e informa\u00e7\u00f5es (diferentes n\u00edveis e tipos de permissionamento), via uma tela com login e senha.<\/p>\n<p>Sua empresa pode utilizar o<strong> Suite EKL\u00a0<\/strong>sem precisar investir em\u00a0equipamentos ou em implanta\u00e7\u00f5es caras.\u00a0Para isso, a <strong>KNBS <\/strong>oferta a solu\u00e7\u00e3o no modo <strong>SaaS (software as a service)\u00a0<\/strong>e disponibiliza os recursos\u00a0em nuvem segura\u00a0necess\u00e1rios aos controles contratados.<\/p>\n<p>Caso sua empresa necessite da solu\u00e7\u00e3o em modo intensivo a <strong>KNBS<\/strong> desenha o projeto completo e fornece a licen\u00e7a de uso e outras configura\u00e7\u00f5es necess\u00e1rias \u00e0s opera\u00e7\u00f5es.<\/p>\n<p>Para mais informa\u00e7\u00f5es sobre como utilizar o <strong>Suite EKL <\/strong>na gest\u00e3o de seus processos de licenciamento ambiental\u00a0\u00a0<a onclick=\"javascript:pageTracker._trackPageview('\/outgoing\/www.knbs.net.br\/fale-conosco\/');\"  href=\"http:\/\/www.knbs.net.br\/fale-conosco\/\">fale conosco<\/a>.<\/p>\n","protected":false},"excerpt":{"rendered":"<p>O Produto EKL \u2013 Environmental Kontrol and Logistics da KNBS fornece a qualifica\u00e7\u00e3o e organiza\u00e7\u00e3o de processos produtivos para uma amplia\u00e7\u00e3o e efici\u00eancia operacional: foca na estrutura\u00e7\u00e3o do modelo de opera\u00e7\u00e3o em um sistema dedicado ao controle de licen\u00e7as ambientais e suas consequ\u00eancias na opera\u00e7\u00e3o da concess\u00e3o. Esta solu\u00e7\u00e3o, o sistema EKL, corrobora os trabalhos [&hellip;]<\/p>\n","protected":false},"author":2,"featured_media":0,"parent":0,"menu_order":0,"comment_status":"closed","ping_status":"closed","template":"produto-template.php","meta":{"footnotes":""},"class_list":["post-2846","page","type-page","status-publish","hentry"],"_links":{"self":[{"href":"https:\/\/knbs.net.br\/site\/wp-json\/wp\/v2\/pages\/2846","targetHints":{"allow":["GET"]}}],"collection":[{"href":"https:\/\/knbs.net.br\/site\/wp-json\/wp\/v2\/pages"}],"about":[{"href":"https:\/\/knbs.net.br\/site\/wp-json\/wp\/v2\/types\/page"}],"author":[{"embeddable":true,"href":"https:\/\/knbs.net.br\/site\/wp-json\/wp\/v2\/users\/2"}],"replies":[{"embeddable":true,"href":"https:\/\/knbs.net.br\/site\/wp-json\/wp\/v2\/comments?post=2846"}],"version-history":[{"count":0,"href":"https:\/\/knbs.net.br\/site\/wp-json\/wp\/v2\/pages\/2846\/revisions"}],"wp:attachment":[{"href":"https:\/\/knbs.net.br\/site\/wp-json\/wp\/v2\/media?parent=2846"}],"curies":[{"name":"wp","href":"https:\/\/api.w.org\/{rel}","templated":true}]}}