{"id":2369,"date":"2014-05-08T13:11:34","date_gmt":"2014-05-08T16:11:34","guid":{"rendered":"http:\/\/www.knbs.net.br\/?page_id=2369"},"modified":"2014-05-08T13:11:34","modified_gmt":"2014-05-08T16:11:34","slug":"suite-komex","status":"publish","type":"page","link":"https:\/\/knbs.net.br\/site\/o-que-fazemos\/suite-komex\/","title":{"rendered":"Suite Komex"},"content":{"rendered":"<p><span class=\"big-text\">A <strong>Gest\u00e3o do conheciment<\/strong>o\u00a0se traduz nesta su\u00edte de trabalho em facilidade\u00a0e organiza\u00e7\u00e3o de processos\u00a0<\/span>e na cria\u00e7\u00e3o de espa\u00e7os de produ\u00e7\u00e3o com resultados mais corretos, com agilidade, com praticidade, ampliando a qualidade operacional e a produtividade, a assertividade e facilidades na hora de completar as informa\u00e7\u00f5es para o sistema oficial Portal \u00danico Siscomex.<\/p>\n<p>Um banco de dados estruturado permite a qualquer momento a consulta das informa\u00e7\u00f5es pelo emissor ou supervisor, pela WEB, de forma segura.<\/p>\n<p>Fornece\u00a0tamb\u00e9m todo um aparato de edi\u00e7\u00e3o de inconsist\u00eancias que sejam indicadas pelo sistema Siscomex, recuperando as informa\u00e7\u00f5es pr\u00e9-cadastradas e permitindo uma a\u00e7\u00e3o r\u00e1pida\u00a0de altera\u00e7\u00e3o.<\/p>\n<p style=\"text-align: center;\"><img loading=\"lazy\" decoding=\"async\" class=\"aligncenter wp-image-2382 size-full\" src=\"http:\/\/www.knbs.net.br\/site\/wp-content\/uploads\/2014\/05\/EXPORT4.jpg\" alt=\"EXPORT~4\" width=\"320\" height=\"313\" \/><\/p>\n<p>Relat\u00f3rios estat\u00edsticos podem ser gerados pelo <strong>Suite Komex<\/strong> para apoio as opera\u00e7\u00f5es de acompanhamento de resultados (performance e produtividade).<\/p>\n<h2><strong>\u00a0Forma de Comercializa\u00e7\u00e3o<\/strong><\/h2>\n<ul>\n<li>Por quantidade de itens nas notas fiscais que comp\u00f5e a Declara\u00e7\u00e3o \u00danica de Exporta\u00e7\u00e3o (DU-E), gerada em formato XML importado pelo Sistema Siscomex da Receita Federal, independente da quantidade de usu\u00e1rios.<\/li>\n<li><strong>Seguran\u00e7a de acesso: \u00a0<\/strong>\u201cusu\u00e1rio e senha\u201d para acesso ao sistema em ambiente seguro. \u00a0O uso do Siscomex ser\u00e1 realizado pela empresa, com a seguran\u00e7a existente em seu ambiente.<\/li>\n<li><strong>Per\u00edodo de avalia\u00e7\u00e3o:<\/strong>\u00a0 a facilidade do sistema \u00e9 reconhecida, n\u00e3o precisando de treinamentos espec\u00edficos para os agentes que j\u00e1 operam com o Siscomex. \u00a0Um\u00a0per\u00edodo de testes (ou quantidade de itens em notas fiscais), pode ser solicitado para a verifica\u00e7\u00e3o da agilidade incorporada nos processos operacionais.<\/li>\n<li><strong>Suporte ao sistema:<\/strong> \u00a0estabelecido em contrato, 24&#215;7 ou 8&#215;5, ou outro, dependente das necessidades operacionais da empresa.<\/li>\n<li><strong>Banco de dados e informa\u00e7\u00f5es:<\/strong> \u00a0disponibilizado em data center pr\u00f3prio\/em cloud segura ou segundo crit\u00e9rios da empresa contratante.<\/li>\n<\/ul>\n<h2><strong>Benef\u00edcios<\/strong><\/h2>\n<p>Destacamos:<\/p>\n<ul>\n<li>Agilidade e redu\u00e7\u00e3o de prazos para elabora\u00e7\u00e3o e emiss\u00e3o da DU-E;<\/li>\n<li>Informa\u00e7\u00f5es r\u00e1pidas, precisas e estruturadas com qualidade e rastreabilidade para atender os clientes;<\/li>\n<li>Informa\u00e7\u00f5es gerenciais, legais e para a \u00a0tomadas de decis\u00f5es, entre outras;<\/li>\n<li>Redu\u00e7\u00e3o de re-trabalhos e riscos;<\/li>\n<li>Garantia e atualiza\u00e7\u00e3o constante do produto com tecnologia, legisla\u00e7\u00e3o e novas funcionalidades;<\/li>\n<li>Relat\u00f3rios administrativos,\u00a0estat\u00edsticos e de desempenho disponibilizados. \u00a0Relat\u00f3rios adicionais e customizados agregados ao sistema com facilidade e sob demanda.<\/li>\n<\/ul>\n<p><a onclick=\"javascript:pageTracker._trackPageview('\/outgoing\/www.suitekomex.com.br\/sobre-o-produto\/');\"  href=\"https:\/\/www.suitekomex.com.br\/sobre-o-produto\/\" target=\"_blank\" rel=\"noopener\">Saiba mais sobre\u00a0os recursos<\/a>\u00a0e as oportunidades desta solu\u00e7\u00e3o,\u00a0\u00a0resultados e benef\u00edcios para os resultados de sua empresa e de sua exporta\u00e7\u00e3o.<\/p>\n<p><a onclick=\"javascript:pageTracker._trackPageview('\/outgoing\/www.suitekomex.com.br');\"  href=\"https:\/\/www.suitekomex.com.br\" target=\"_blank\" rel=\"noopener\">Fa\u00e7a um teste gr\u00e1tis e verifique a sua produtividade.<\/a> \u00a0Aproveite e compre um pacote de servi\u00e7os ou uso do sistema\u00a0adequado \u00e0s suas necessidades!<\/p>\n","protected":false},"excerpt":{"rendered":"<p>A Gest\u00e3o do conhecimento\u00a0se traduz nesta su\u00edte de trabalho em facilidade\u00a0e organiza\u00e7\u00e3o de processos\u00a0e na cria\u00e7\u00e3o de espa\u00e7os de produ\u00e7\u00e3o com resultados mais corretos, com agilidade, com praticidade, ampliando a qualidade operacional e a produtividade, a assertividade e facilidades na hora de completar as informa\u00e7\u00f5es para o sistema oficial Portal \u00danico Siscomex. Um banco de [&hellip;]<\/p>\n","protected":false},"author":2,"featured_media":0,"parent":195,"menu_order":0,"comment_status":"closed","ping_status":"closed","template":"produto-template.php","meta":{"footnotes":""},"class_list":["post-2369","page","type-page","status-publish","hentry"],"_links":{"self":[{"href":"https:\/\/knbs.net.br\/site\/wp-json\/wp\/v2\/pages\/2369","targetHints":{"allow":["GET"]}}],"collection":[{"href":"https:\/\/knbs.net.br\/site\/wp-json\/wp\/v2\/pages"}],"about":[{"href":"https:\/\/knbs.net.br\/site\/wp-json\/wp\/v2\/types\/page"}],"author":[{"embeddable":true,"href":"https:\/\/knbs.net.br\/site\/wp-json\/wp\/v2\/users\/2"}],"replies":[{"embeddable":true,"href":"https:\/\/knbs.net.br\/site\/wp-json\/wp\/v2\/comments?post=2369"}],"version-history":[{"count":0,"href":"https:\/\/knbs.net.br\/site\/wp-json\/wp\/v2\/pages\/2369\/revisions"}],"up":[{"embeddable":true,"href":"https:\/\/knbs.net.br\/site\/wp-json\/wp\/v2\/pages\/195"}],"wp:attachment":[{"href":"https:\/\/knbs.net.br\/site\/wp-json\/wp\/v2\/media?parent=2369"}],"curies":[{"name":"wp","href":"https:\/\/api.w.org\/{rel}","templated":true}]}}